. What is the remainder when 10 is divided by c?
4
Let g(z) = 83*z. What is the remainder when g(1) is divided by 28?
27
What is the remainder when 73 is divided by 50/(-3)*(-9)/6?
23
Suppose -1 = 4*w - 21. Suppose 11 = 2*n + 3*c, -w*n + 85 = -3*c - c. Calculate the remainder when 24 is divided by n.
11
Let i(u) = u**3 - 5*u**2 - 2*u - 5. Calculate the remainder when 54 is divided by i(6).
16
Calculate the remainder when 61 is divided by (64/(-12))/((-4)/24).
29
Suppose 0 = -5*r + 15 + 5. Calculate the remainder when 10 is divided by r.
2
Suppose -d + 3*g + 51 = -38, -4*g = 0. What is the remainder when d is divided by 23?
20
Suppose -4 = -5*p + 1. Let k = p + -2. Let r = 4 + k. Calculate the remainder when r is divided by 2.
1
Let x = 20 - 16. What is the remainder when 11 is divided by x?
3
Let n = 133 - 64. Calculate the remainder when n is divided by 36.
33
Suppose a - 9 = 115. Calculate the remainder when a is divided by 32.
28
Suppose -106 - 48 = -7*q. Calculate the remainder when 86 is divided by q.
20
Let l = 7 + 3. Calculate the remainder when l is divided by 4.
2
Suppose 0 = -0*s + 2*s. Let d(g) = -16*g + 3. What is the remainder when d(-1) is divided by (s - -1)*2 - -5?
5
Let k(n) = 9*n. Let r be k(4). Let c = r + -5. What is the remainder when c is divided by (-3)/(-12) + (-63)/(-4)?
15
Let x(i) be the third derivative of i**5/60 + 5*i**4/24 + i**3/2 + 3*i**2. Calculate the remainder when 11 is divided by x(-5).
2
Let v = -16 + 35. Calculate the remainder when 35 is divided by v.
16
Suppose -m - 5 = -24. Calculate the remainder when 56 is divided by m.
18
Suppose -6 = -4*v + 14. Suppose -j - 3*c + 10 = 0, 0 = 2*j - 4*j - 2*c + 16. Suppose -5*r = -8 - j. What is the remainder when v is divided by r?
2
Suppose -s = -167 + 40. Calculate the remainder when s is divided by 16.
15
Let c = -14 + 8. What is the remainder when 35 is divided by (-14)/(-1) - (-12)/c?
11
Suppose -67 = -3*i - 10. Calculate the remainder when 92 is divided by i.
16
Let v = 97 + -49. Suppose 0 = -357*a + 362*a - 85. Calculate the remainder when v is divided by a.
14
Let m = 80 - 41. What is the remainder when m is divided by (-6)/9 - (-32)/3?
9
What is the remainder when (54/4)/(6/8) is divided by 11?
7
Let c = 14 + -10. Suppose 27 = 2*o + 2*t - t, -o - c*t = -10. What is the remainder when 27 is divided by o?
13
What is the remainder when 51 is divided by 22 + (14 + -2)/(-4)?
13
Suppose 3*n = 4*b - 58, 2*n + 2*b = -3 - 17. Let z = n + 41. Calculate the remainder when z is divided by 7.
6
Let z(n) = -n**2 - 10*n + 14. What is the remainder when 53 is divided by z(-10)?
11
Suppose -r + 33 = 7. Suppose -4*s = 4, s = -5*n + 2*n + r. Calculate the remainder when n is divided by 6.
3
Let d(j) = j**2 + 3*j + 4. Suppose -2*o - 2 = 8. Let a be d(o). What is the remainder when 4/a + 194/7 is divided by 15?
13
Let a(o) = o**2 + 5*o + 7. Suppose 4*j + 3*u + 38 = 154, -12 = -3*u. Calculate the remainder when j is divided by a(-5).
5
Let s(h) = 2*h**2 + 5*h + 16. Calculate the remainder when 54 is divided by s(-3).
16
What is the remainder when ((-250)/3)/(-2 + 15/9) is divided by 63?
61
Suppose 0*u = -5*u + 15. Suppose -5*k - u = -28. Calculate the remainder when k is divided by 3.
2
Let a = -10 + 14. Suppose -a*w = -2*u + u - 189, -92 = -2*w - 2*u. What is the remainder when w is divided by 24?
23
Suppose 7 + 28 = 5*z. Calculate the remainder when 7 is divided by z.
0
Let x(u) = -7*u - 1. Let a(c) = -5*c - 1. Let n be a(1). What is the remainder when x(n) is divided by 11?
8
Let x = 1 + 18. Calculate the remainder when x is divided by 7.
5
Let h = -20 - -44. Calculate the remainder when 44 is divided by (30/h)/(2/24).
14
Let p(g) = g**2 - g. Suppose -2*a - 10 = -38. Let s = a + -10. What is the remainder when 22 is divided by p(s)?
10
Suppose 3*o + 3*l = 555, -o - 3*l + 915 = 4*o. Calculate the remainder when o is divided by 13.
11
Let b(x) = -24*x - 3. Let r be b(-1). Let g be ((-1)/2)/(1/26). Let a = g + r. Calculate the remainder when 14 is divided by a.
6
Let s = 34 + -21. Let t(b) = -b**3 + b - 1. Calculate the remainder when t(-3) is divided by s.
10
Suppose 0 = -4*c + 5*b + 194, -5*b + 112 = -c + 3*c. Suppose 36 - 117 = -3*q. Calculate the remainder when c is divided by q.
24
Suppose 0 = v - 4*j - 4 - 25, -3*j + 15 = v. Calculate the remainder when 41 is divided by v.
20
Let s(j) = j**3 + 9*j**2 - 6*j + 11. Calculate the remainder when s(-8) is divided by 25.
23
Suppose -4*c + 4*y + 20 = 0, -y = -6*y + 10. What is the remainder when (9/2)/((-13)/(-52)) is divided by c?
4
Suppose -6*a + 7*a = 8. Calculate the remainder when 10 is divided by a.
2
Let c = -4 + 4. Let p(x) = -x**2 + 5. Let y be p(c). Let n = y + -3. What is the remainder when 3 is divided by n?
1
Let a = -11 - -21. What is the remainder when a is divided by 4?
2
Suppose l = -d + 5*d - 26, 0 = -3*d - 4*l + 29. What is the remainder when 48 is divided by d?
6
Let t be (-15)/6*40/(-25). Let n(s) = s**3 + 7*s**2 + 3*s + 1. What is the remainder when n(-4) is divided by 2 + 5 + 12/t?
7
Suppose 5*c + f - 57 = 0, -3*f = -3*c - 18 + 63. Calculate the remainder when 5 is divided by ((-5)/(-10))/(2/c).
2
Let p be -7 + 3/(-3)*-2. Let f be p*15*(1 + 0). Calculate the remainder when f/(-9) - (-4)/6 is divided by 6.
3
What is the remainder when 102 is divided by (-196)/(-12) - 4*3/9?
12
Let y be (-4)/14 + 261/7. Let k be (-2)/6 - y/(-3). Suppose -5*o = -3*o - k. Calculate the remainder when 17 is divided by o.
5
Let y(n) = 6*n - 4. Let m be 1 + 2 + 11 + -10. What is the remainder when 79 is divided by y(m)?
19
Suppose 0 = -3*m - 0 + 12. Suppose 0 = m*c - 20, -3*q + 0*q + 3*c + 144 = 0. What is the remainder when q is divided by 4/(-14) - (-128)/7?
17
Suppose -4*f - 308 = -4*w, w + 5*f + 7 = 60. What is the remainder when w is divided by 15?
13
Suppose 90 = 2*c - 50. What is the remainder when c is divided by 37?
33
Let g(f) = -f**2 - 4*f. Let b be g(-4). Suppose b = -0*v - v + 10. Suppose 0 = 4*q + q - v. What is the remainder when 2 is divided by q?
0
Suppose -5*t - 4*p - 21 = 0, -4*t + 3*p + 12 = -p. Let g = 1 + t. Suppose 4*x - 177 + 49 = g. Calculate the remainder when x is divided by 11.
10
Let z be 4 - 4 - 2/(-1). Suppose -z*v = 3*v - 40. What is the remainder when 31 is divided by v?
7
Suppose 3*x - 42 = x. Let w = 4 + x. What is the remainder when w is divided by 7?
4
Suppose -3*x + 250 = 5*y, -5*y - 4*x + 250 = -2*x. Suppose z - 3*z = -y. What is the remainder when z is divided by 9?
7
Let d = 105 - 57. What is the remainder when d is divided by 13?
9
Suppose 3*p = 33 + 54. Suppose 4*a - 35 = n, -p = -3*a - 0*a - 2*n. Calculate the remainder when a is divided by 3.
0
Calculate the remainder when 4*(-1)/18 - 416/(-9) is divided by ((-2)/(-2))/(-1) - -17.
14
Let i(s) = s**2 + 7*s + 2. Calculate the remainder when 8 is divided by i(-7).
0
What is the remainder when 34 is divided by 1 + 4/(-1) + 21?
16
Suppose 3*s - u + 2*u - 45 = 0, -5*u + 15 = s. What is the remainder when 104 is divided by s?
14
Suppose 0 = 7*j - 12*j + 110. Calculate the remainder when j is divided by 6.
4
Let i be -1*(-6 + 0 + 1). Let j(u) = 3*u**2 - 5*u - 7. Let s = -13 + 28. What is the remainder when j(i) is divided by s?
13
Let v(a) = -7*a - 2. Let b be v(-3). Suppose 5*j - 161 = b. Calculate the remainder when j is divided by 19.
17
Let l = -5 + 7. Suppose l*q - 10 = -3*q. Calculate the remainder when q is divided by 2.
0
Suppose -2*d = -5*d + 24. Suppose 0 = -2*t - 5*f + 23, 2*t + f - 31 = 4*f. Calculate the remainder when t is divided by d.
6
Let y(m) = -m**3 + 2*m**2 + 13*m - 4. Calculate the remainder when 73 is divided by y(4).
9
Suppose -8*h = -3*h - 25. Suppose -4*z + 172 = 6*f - 2*f, -2*f = h*z - 224. Calculate the remainder when z is divided by 12.
10
Suppose -84 = 2*o - 5*o. Let a = -16 + o. Calculate the remainder when 23 is divided by a.
11
Let n = 206 + -139. Calculate the remainder when n is divided by 14.
11
Suppose -2*c + 25 = -47. Suppose 3*l - l - c = 0. Calculate the remainder when l is divided by 5.
3
Let p(a) = 11*a - 2. What is the remainder when 167 is divided by p(4)?
41
Let a = 4 - -4. Suppose -a*t - 35 = -3*t. Let s = t + 40. What is the remainder when s is divided by 9?
6
Suppose 61*v - 63*v = -30. Calcul